are the prime factors of (442/65 + -9)*-635?
11, 127
Let b(c) = 3*c**3 - 5*c**3 - c**3 + 2*c**3 + 100*c**2 + 26 - 106*c**2. List the prime factors of b(-11).
631
Let n be ((-152)/(-12))/(3*3/(-621)). Let h = n + 1269. What are the prime factors of h?
5, 79
Let n(j) = -10*j + 4*j - 2 + 4*j**2 - 2*j**2 - 3*j**2. Let g be n(-2). Let l = g - -165. List the prime factors of l.
3, 19
Suppose 220 = 5*t + 2*g, t + 3460*g = 3456*g + 26. What are the prime factors of t?
2, 23
Let x(v) = 222*v**2 - 117*v - 41. List the prime factors of x(-11).
2, 7027
Suppose 5*y = -y + 8256. Suppose -1824 = -8*x + y. What are the prime factors of x?
2, 5
List the prime factors of -14 + (1 - 9 - -15221).
15199
What are the prime factors of 26266 + 15/30*6?
109, 241
List the prime factors of 30/5 + -328*(-13 - 5).
2, 3, 5, 197
Suppose 0 = -921*r + 885*r + 1072944. What are the prime factors of r?
2, 7451
Let d = -2231 + 5569. List the prime factors of d.
2, 1669
Let d = 440 + 23655. List the prime factors of d.
5, 61, 79
Let c(p) be the second derivative of 17*p**6/90 + p**5/120 - 23*p**4/12 - 5*p. Let f(q) be the third derivative of c(q). What are the prime factors of f(1)?
137
Let l be ((-6)/4)/(-3 + 175/60). Suppose -9*d = l*d - 7749. List the prime factors of d.
7, 41
Let j = -73 - -69. List the prime factors of (-391)/j + -1 - (-10)/40.
97
Let d be 15*6/30 - 2/2. Suppose 3*g - 12 = 0, -2*g = -0*m + d*m - 16. Suppose -m*l + 151 + 609 = 0. List the prime factors of l.
2, 5, 19
Suppose 15203 - 97428 = 4*l - 9*l. List the prime factors of l.
5, 11, 13, 23
Let y(w) = -2*w**2 - w + 1. Let k(m) = -7*m**2 + 5*m - 105. Let s(j) = k(j) - 5*y(j). What are the prime factors of s(18)?
2, 521
Let t = -41366 - -58282. List the prime factors of t.
2, 4229
Suppose 2*s + 4*d = 92 + 84, -4*s + 380 = d. Suppose -6*q - s = 2*q. List the prime factors of (111/4)/(q/(-64)).
2, 37
Suppose v - 6*v = 3*k + 1889, v + 361 = 5*k. Suppose 10 = 4*b + 14. What are the prime factors of (v - -13)/(2/(-4) + b)?
2, 11
Let c(j) = 6355*j + 7390. What are the prime factors of c(5)?
3, 5, 7, 373
Let t(y) = 54*y**3 - 2*y**2 + 17*y - 34. List the prime factors of t(3).
31, 47
Suppose 0 = -5*t - 3*w + 19803, -t + 2*w = 461 - 4406. What are the prime factors of t?
3, 1319
Let o(v) = 2*v**2 + 6*v - 43. Let z be o(-19). Let c = z + 52. List the prime factors of c.
617
Let y = 27 - 25. Suppose p = -3*p + y*b - 16, 0 = p - b + 6. Let a = 16 - p. What are the prime factors of a?
2, 3
Let m = -308 + 2720. Suppose -9*q = -11*q + m. What are the prime factors of q?
2, 3, 67
Let k = 52552 - 34608. What are the prime factors of k?
2, 2243
Suppose 29 + 0 = 2*t + 5*z, -5*t + 63 = 3*z. Suppose t*i = -40*i + 42900. What are the prime factors of i?
3, 5, 11
Suppose 80*y - 68*y = 27744. List the prime factors of y.
2, 17
Let q = -2005 + 3484. Suppose 4*r = q + 1925. Suppose -315 = 8*a - r. List the prime factors of a.
67
Suppose -50*m + 53*m - 16703 = 2*n, -n + 5571 = m. What are the prime factors of m?
5569
Let j(n) = -926*n - 32. Let d be j(6). List the prime factors of 3*(d/(-16) - (-5)/(-20)).
3, 349
Let m be (-8)/(-24) - (-58)/6. Suppose -m*j - 3392 = -14*j. Suppose -7*p + j = -3*p. List the prime factors of p.
2, 53
Let t(k) = -312*k + 2485. List the prime factors of t(-6).
4357
What are the prime factors of (-18)/(-10)*((-679)/(-21) + -19)?
2, 3
Let l be (423/1)/(9*4/24). Let r = -75 + l. What are the prime factors of r?
3, 23
Suppose 1417 = 19*k - 99503 - 35177. List the prime factors of k.
13, 19, 29
Let z(h) = -15*h + 33. Let w be z(-14). Suppose -w*n + 248*n = 7250. What are the prime factors of n?
2, 5, 29
Let x(t) = -3*t**3 + 23*t**2 - 10*t - 24. Let h be x(7). What are the prime factors of (h - -5)/(-3) - 20108/(-11)?
5, 73
Let i(k) = 8*k**2 + k - 1. Let b be i(1). Let c = 5186 - 5111. Suppose b*s - 85 = c. List the prime factors of s.
2, 5
Let l = 7265 - 23. List the prime factors of l.
2, 3, 17, 71
Let h = 259 - -4244. What are the prime factors of h?
3, 19, 79
Let n(r) = -2*r**2 + 13*r + 8. Let w be n(6). Suppose w*c + 359 = 15*c. Suppose -4*t + 53 + c = 0. List the prime factors of t.
103
What are the prime factors of (1137/4)/((18/(-210))/(320/(-100)))?
2, 7, 379
Let y be 16/12*48/8. Suppose y*c - 3665 = -553. List the prime factors of c.
389
Let q(d) = -d**3 - 71*d**2 + 41*d + 677. List the prime factors of q(-73).
2, 43, 97
Let r = -5420 + 19384. What are the prime factors of r?
2, 3491
List the prime factors of ((-30701)/(-2) + -8)*72/45.
2, 17, 19
Let x(f) = -3*f - 3. Suppose -19*l = 5*l + 504. What are the prime factors of x(l)?
2, 3, 5
Let f = 344 - 40. Let v = -262 + f. List the prime factors of v.
2, 3, 7
Suppose -6*y + 50 + 22 = 0. Let a be (-1436)/12 + 8/y. Let h = a + 248. List the prime factors of h.
3, 43
Let l = -20 - -24. Suppose -l*r - 102 = 2*b, -3*b + 22 + 65 = -4*r. What are the prime factors of 13/(69/r - (0 - 3))?
2, 13
Let z(o) = o**2 - 1. Let w(l) = l**3 - 11*l**2 + 11*l - 15. Let u = 46 - 47. Let r(a) = u*w(a) - z(a). List the prime factors of r(8).
2, 7
Suppose -47*k + 277432 = -28632. List the prime factors of k.
2, 11, 37
Let t be ((-1)/2*1)/(2/(-56)). What are the prime factors of 38/266 + 810/t?
2, 29
Let o(h) = -18*h + 5*h**3 - 3 - 20 + 39*h**2 + 11 - 4*h**3. List the prime factors of o(-39).
2, 3, 5, 23
What are the prime factors of 7974768/192 - (33/(-12) - -2)?
2, 11, 59
Let n be 1510*-8*(-5)/100. Suppose 3*t + 127 + 185 = g, 2*g = t + n. What are the prime factors of g?
2, 3, 5
What are the prime factors of 52569/(-66)*(-430)/15?
3, 43, 59
Suppose 109*m - 1293491 - 27807 = 0. List the prime factors of m.
2, 11, 19, 29
Let k(u) = -650*u + 236. What are the prime factors of k(-10)?
2, 421
Let r(m) = -1309*m + 1783. List the prime factors of r(-3).
2, 5, 571
Let t(b) = 350*b - 39. Let k be t(5). Let p = -1052 + k. What are the prime factors of p?
659
Let c(r) = -r**3 - 14*r**2 + 20*r + 58. Let f be c(-15). Let s(l) = -17*l - 122. What are the prime factors of s(f)?
167
Let u = -761 - -1910. Suppose -4*s = -u - 83. What are the prime factors of s?
2, 7, 11
Suppose 21*u - 3*u + 40032 = 0. Let y = -1422 - u. What are the prime factors of y?
2, 401
Suppose -487 + 15698 = 6*q - 25079. List the prime factors of q.
5, 17, 79
Let v(n) = -10*n**3 + 14*n**2 + 148*n - 34. List the prime factors of v(-8).
2, 2399
Let t(j) = -j + 132. Suppose -112*n + 120*n = -112. List the prime factors of t(n).
2, 73
Let n(k) = -4*k**3 + 10*k**3 - 7*k**3. Let r(x) = 3*x**3 + 2*x**2 - 31. Let a(p) = -4*n(p) - r(p). What are the prime factors of a(0)?
31
Let v = 91480 + -50815. What are the prime factors of v?
3, 5, 2711
Let f = 144 - 69. Suppose -y - f = -0*y. List the prime factors of y/30*436/(-10).
109
Let r(o) = -o**3 + 17*o**2 - 15*o + 10. Let n = -28 - -35. Let q be r(n). Suppose -5*y = -0*y - q. List the prime factors of y.
79
Let p(j) be the first derivative of 17*j**2/2 - 60*j + 22. What are the prime factors of p(6)?
2, 3, 7
Let d = -192 + 194. Suppose 0 = d*j + 4*m - 256, -4*j - 24*m + 512 = -23*m. What are the prime factors of j?
2
Let f be (2*1/5)/(2/20). Suppose -f = 4*o - 6*o. Suppose 4*y + 84 = 2*g, 3*g = o*y + 2*y + 130. List the prime factors of g.
2, 23
What are the prime factors of (245/(-20)*2)/((-11)/110)?
5, 7
Suppose -20*m + 9*m - 29*m = -424160. List the prime factors of m.
2, 11, 241
Suppose -c - 17 = x, 3*c + 2*x = -2*c - 88. Let r = c - -41. List the prime factors of 7 + -5 + 1 + r.
2, 13
Suppose -69499 = -28*k - 5600 + 66049. What are the prime factors of k?
3, 7, 13, 17
Suppose 2*r = 30913 - 20320 + 59537. What are the prime factors of r?
5, 7013
Suppose -x + 23*u - 21*u + 37860 = 0, -151559 = -4*x - 9*u. List the prime factors of x.
2, 29, 653
Let p = -9236 + 32376. List the prime factors of p.
2, 5, 13, 89
Suppose 3*l = 4522 + 3404. Let g = -1139 + l. What are the prime factors of g?
3, 167
Suppose -13*l + 58090 = -8340. What are the prime factors of l?
2, 5, 7, 73
Let g be 1/6 - 13/6. List the prime factors of 37468/170*(g - 9/(-2)).
19, 29
Suppose 0 = -58*b + 3*b + 131285. What are the prime factors of b?
7, 11, 31
Suppose -106554 = 94*y - 136*y. What are the prime factors of y?
43, 59
Let u = -83 + 94. Suppose 4*c = u*c - 2520. List the prime factors of c.
2, 3, 5
L